{"id":870,"date":"2020-01-07T12:57:35","date_gmt":"2020-01-07T11:57:35","guid":{"rendered":"http:\/\/psychologue-larochelle-rochefort.fr\/?page_id=870"},"modified":"2020-06-02T01:47:53","modified_gmt":"2020-06-02T00:47:53","slug":"psychologue-a-domicile","status":"publish","type":"page","link":"http:\/\/psychologue-larochelle-rochefort.fr\/?page_id=870","title":{"rendered":"PSYCHOLOGUE A DOMICILE ou en STRUCTURES:  Consultations \/ Observations \/ Groupes"},"content":{"rendered":"\n<p><\/p>\n\n\n<h4><span style=\"color: #000000;\">Il s&rsquo;agit d&rsquo;un service pens\u00e9 et propos\u00e9&nbsp;<\/span><br><span style=\"color: #000080;\">&nbsp; &nbsp; &nbsp; &nbsp; &nbsp; &nbsp; soit au DOMICILE DU PATIENT&nbsp;<\/span><br><span style=\"color: #000080;\">&nbsp; &nbsp; &nbsp; &nbsp; &nbsp; &nbsp; soit au sein d&rsquo;une STRUCTURE&nbsp; (associative ou non)<\/span><\/h4>\n<p><span style=\"color: #000000;\"><strong><span style=\"text-decoration: underline;\">POUR QUI?&nbsp;<\/span><\/strong><\/span><\/p>\n<p><strong><span style=\"text-decoration: underline;\">A DOMICILE<\/span> :<br>Pour les personnes qui, pour une raison particuli\u00e8re, ne peuvent pas se d\u00e9placer au cabinet du psychologue.<\/strong><br>C&rsquo;est le cas, par exemple :<br>&nbsp; &nbsp; &nbsp; &nbsp; &nbsp; &nbsp;en Maternit\u00e9 \/ P\u00e9rinatalit\u00e9 : grossesse, b\u00e9b\u00e9 fragile, fatigue<br>&nbsp; &nbsp; &nbsp; &nbsp; &nbsp; &nbsp;de personnes ayant un handicap ou souffrant d&rsquo;une angoisse sociale &#8230;<\/p>\n<p><span style=\"text-decoration: underline;\"><strong>EN STRUCTURES<\/strong><\/span> :<\/p>\n<p>&#8211; Jeunes enfants \/ Enfants \/ Adolescents \/ Parents ou Professionnels <br>individuellement ou en groupe&nbsp;&nbsp;<\/p>\n<p><strong>Quelles structures?<\/strong> <br>&#8211; des Structures Petite Enfance <br>&#8211; des Structures Scolaires (Ecoles\/ Coll\u00e8ges \/ Lyc\u00e9es..) ou p\u00e9ri scolaires <br>&#8211; des Centres de Loisirs&nbsp;<br>&#8211; des Associations<br>&#8211; des Structures M\u00e9dico-Sociales &#8230;&nbsp;<\/p>\n<p><\/p>\n<p><span style=\"color: #000000;\"><strong><span style=\"text-decoration: underline;\">QUOI<\/span> ?&nbsp;<\/strong><\/span><br>&nbsp;&#8211; pour des <span style=\"text-decoration: underline;\">ateliers<\/span>,<br>&#8211; pour une <span style=\"text-decoration: underline;\">formation<\/span> (voir FORMATIONS)<br>&nbsp;&#8211; pour des <span style=\"text-decoration: underline;\">accompagnements<\/span> en lien avec des difficult\u00e9s d&rsquo;apprentissage et\/ou ayant besoin d&rsquo;une consultation psychologique li\u00e9 \u00e0 un \u00e9v\u00e9nement,<br>&#8211; pour un <span style=\"text-decoration: underline;\">avis<\/span> ou une <span style=\"text-decoration: underline;\">observation&nbsp;<\/span> \u2026&nbsp;<br>(le Pr\u00e9sident de l&rsquo;Association ou le responsable de la structure devra me contacter en plus de l&rsquo;accord des parents)<a href=\"http:\/\/psychologue-larochelle-rochefort.fr\/?page_id=121\">&nbsp;<\/a><br><a href=\"http:\/\/psychologue-larochelle-rochefort.fr\/?page_id=121\">(voir les th\u00e9matiques possibles dont certaines sont propos\u00e9es au sein du cabinet ou dans des structures\/ Associations) : ICI<\/a><\/p>\n<p><\/p>\n<p><span style=\"color: #000000;\"><strong><span style=\"text-decoration: underline;\">QUELS SECTEURS ?<\/span><\/strong><\/span><br>&#8211; Pays Rochelais<br>&#8211; Pays de l&rsquo;Aunis<br>&#8211; Pays Rochefortais<br>&#8211; Pays de Saintonge&nbsp;<\/p>\n<p>Merci de contacter <span style=\"color: #000080;\">Sabrina MAMOUN GAILLER au 06 26 68 61 78<\/span> <br>afin de fixer un RDV \u00e0 domicile ou en structures.&nbsp;<br>(secteurs r\u00e9partis par demi journ\u00e9e)&nbsp;<\/p>\n\n\n<a href=\"https:\/\/www.doctolib.fr\/psychologue\/saint-vivien\/sabrina-mamoun-gailler?utm_campaign=website-button&amp;utm_source=sabrina-mamoun-gailler-website-button&amp;utm_medium=referral&amp;utm_content=option-5&amp;utm_term=sabrina-mamoun-gailler\" style=\"display:block;text-align:center;background-color:#0596DE;color:#ffffff;font-size:14px;overflow:hidden;width:257px;height:40px;border-bottom-right-radius:none;border-bottom-left-radius:none;position:fixed;bottom:0;right:5px;z-index:1000;border-top-left-radius:4px;border-top-right-radius:4px;line-height:40px\" target=\"_blank\" data-reactroot=\"\" rel=\"noopener noreferrer\"><span style=\"font-size:13px\">Prendre rendez-vous en ligne<\/span><img decoding=\"async\" style=\"height:15px;margin-bottom:3px;vertical-align:middle;width:auto\" src=\"https:\/\/pro.doctolib.fr\/external_button\/doctolib-white-transparent.png\" alt=\"Doctolib\"><\/a>\n","protected":false},"excerpt":{"rendered":"<p>Il s&rsquo;agit d&rsquo;un service pens\u00e9 et propos\u00e9&nbsp;&nbsp; &nbsp; &nbsp; &nbsp; &nbsp; &nbsp; soit au DOMICILE DU PATIENT&nbsp;&nbsp; &nbsp; &nbsp; &nbsp; &nbsp; &nbsp; soit au sein d&rsquo;une STRUCTURE&nbsp; (associative ou non) POUR QUI?&nbsp; A DOMICILE :Pour les personnes qui, pour une raison particuli\u00e8re, ne peuvent pas se d\u00e9placer au cabinet du psychologue.C&rsquo;est le cas, par exemple &hellip; <\/p>\n<p><a class=\"more-link btn\" href=\"http:\/\/psychologue-larochelle-rochefort.fr\/?page_id=870\">Lire la suite<\/a><\/p>\n","protected":false},"author":1,"featured_media":0,"parent":0,"menu_order":4,"comment_status":"closed","ping_status":"closed","template":"template-twocolumnsright.php","meta":{"footnotes":""},"class_list":["post-870","page","type-page","status-publish","hentry","nodate","item-wrap"],"yoast_head":"<!-- This site is optimized with the Yoast SEO plugin v20.1 - https:\/\/yoast.com\/wordpress\/plugins\/seo\/ -->\n<title>PSYCHOLOGUE A DOMICILE ou en STRUCTURES: Consultations \/ Observations \/ Groupes -<\/title>\n<meta name=\"robots\" content=\"index, follow, max-snippet:-1, max-image-preview:large, max-video-preview:-1\" \/>\n<link rel=\"canonical\" href=\"https:\/\/psychologue-larochelle-rochefort.fr\/?page_id=870\" \/>\n<meta property=\"og:locale\" content=\"fr_FR\" \/>\n<meta property=\"og:type\" content=\"article\" \/>\n<meta property=\"og:title\" content=\"PSYCHOLOGUE A DOMICILE ou en STRUCTURES: Consultations \/ Observations \/ Groupes -\" \/>\n<meta property=\"og:description\" content=\"Il s&rsquo;agit d&rsquo;un service pens\u00e9 et propos\u00e9&nbsp;&nbsp; &nbsp; &nbsp; &nbsp; &nbsp; &nbsp; soit au DOMICILE DU PATIENT&nbsp;&nbsp; &nbsp; &nbsp; &nbsp; &nbsp; &nbsp; soit au sein d&rsquo;une STRUCTURE&nbsp; (associative ou non) POUR QUI?&nbsp; A DOMICILE :Pour les personnes qui, pour une raison particuli\u00e8re, ne peuvent pas se d\u00e9placer au cabinet du psychologue.C&rsquo;est le cas, par exemple &hellip; Lire la suite\" \/>\n<meta property=\"og:url\" content=\"https:\/\/psychologue-larochelle-rochefort.fr\/?page_id=870\" \/>\n<meta property=\"article:modified_time\" content=\"2020-06-02T00:47:53+00:00\" \/>\n<meta property=\"og:image\" content=\"https:\/\/pro.doctolib.fr\/external_button\/doctolib-white-transparent.png\" \/>\n<meta name=\"twitter:label1\" content=\"Dur\u00e9e de lecture estim\u00e9e\" \/>\n\t<meta name=\"twitter:data1\" content=\"1 minute\" \/>\n<script type=\"application\/ld+json\" class=\"yoast-schema-graph\">{\"@context\":\"https:\/\/schema.org\",\"@graph\":[{\"@type\":\"WebPage\",\"@id\":\"https:\/\/psychologue-larochelle-rochefort.fr\/?page_id=870\",\"url\":\"https:\/\/psychologue-larochelle-rochefort.fr\/?page_id=870\",\"name\":\"PSYCHOLOGUE A DOMICILE ou en STRUCTURES: Consultations \/ Observations \/ Groupes -\",\"isPartOf\":{\"@id\":\"https:\/\/psychologue-larochelle-rochefort.fr\/#website\"},\"datePublished\":\"2020-01-07T11:57:35+00:00\",\"dateModified\":\"2020-06-02T00:47:53+00:00\",\"breadcrumb\":{\"@id\":\"https:\/\/psychologue-larochelle-rochefort.fr\/?page_id=870#breadcrumb\"},\"inLanguage\":\"fr-FR\",\"potentialAction\":[{\"@type\":\"ReadAction\",\"target\":[\"https:\/\/psychologue-larochelle-rochefort.fr\/?page_id=870\"]}]},{\"@type\":\"BreadcrumbList\",\"@id\":\"https:\/\/psychologue-larochelle-rochefort.fr\/?page_id=870#breadcrumb\",\"itemListElement\":[{\"@type\":\"ListItem\",\"position\":1,\"name\":\"Accueil\",\"item\":\"https:\/\/psychologue-larochelle-rochefort.fr\/\"},{\"@type\":\"ListItem\",\"position\":2,\"name\":\"PSYCHOLOGUE A DOMICILE ou en STRUCTURES: Consultations \/ Observations \/ Groupes\"}]},{\"@type\":\"WebSite\",\"@id\":\"https:\/\/psychologue-larochelle-rochefort.fr\/#website\",\"url\":\"https:\/\/psychologue-larochelle-rochefort.fr\/\",\"name\":\"\",\"description\":\"Cabinet de Psychologie\",\"potentialAction\":[{\"@type\":\"SearchAction\",\"target\":{\"@type\":\"EntryPoint\",\"urlTemplate\":\"https:\/\/psychologue-larochelle-rochefort.fr\/?s={search_term_string}\"},\"query-input\":\"required name=search_term_string\"}],\"inLanguage\":\"fr-FR\"}]}<\/script>\n<!-- \/ Yoast SEO plugin. -->","yoast_head_json":{"title":"PSYCHOLOGUE A DOMICILE ou en STRUCTURES: Consultations \/ Observations \/ Groupes -","robots":{"index":"index","follow":"follow","max-snippet":"max-snippet:-1","max-image-preview":"max-image-preview:large","max-video-preview":"max-video-preview:-1"},"canonical":"https:\/\/psychologue-larochelle-rochefort.fr\/?page_id=870","og_locale":"fr_FR","og_type":"article","og_title":"PSYCHOLOGUE A DOMICILE ou en STRUCTURES: Consultations \/ Observations \/ Groupes -","og_description":"Il s&rsquo;agit d&rsquo;un service pens\u00e9 et propos\u00e9&nbsp;&nbsp; &nbsp; &nbsp; &nbsp; &nbsp; &nbsp; soit au DOMICILE DU PATIENT&nbsp;&nbsp; &nbsp; &nbsp; &nbsp; &nbsp; &nbsp; soit au sein d&rsquo;une STRUCTURE&nbsp; (associative ou non) POUR QUI?&nbsp; A DOMICILE :Pour les personnes qui, pour une raison particuli\u00e8re, ne peuvent pas se d\u00e9placer au cabinet du psychologue.C&rsquo;est le cas, par exemple &hellip; Lire la suite","og_url":"https:\/\/psychologue-larochelle-rochefort.fr\/?page_id=870","article_modified_time":"2020-06-02T00:47:53+00:00","og_image":[{"url":"https:\/\/pro.doctolib.fr\/external_button\/doctolib-white-transparent.png"}],"twitter_misc":{"Dur\u00e9e de lecture estim\u00e9e":"1 minute"},"schema":{"@context":"https:\/\/schema.org","@graph":[{"@type":"WebPage","@id":"https:\/\/psychologue-larochelle-rochefort.fr\/?page_id=870","url":"https:\/\/psychologue-larochelle-rochefort.fr\/?page_id=870","name":"PSYCHOLOGUE A DOMICILE ou en STRUCTURES: Consultations \/ Observations \/ Groupes -","isPartOf":{"@id":"https:\/\/psychologue-larochelle-rochefort.fr\/#website"},"datePublished":"2020-01-07T11:57:35+00:00","dateModified":"2020-06-02T00:47:53+00:00","breadcrumb":{"@id":"https:\/\/psychologue-larochelle-rochefort.fr\/?page_id=870#breadcrumb"},"inLanguage":"fr-FR","potentialAction":[{"@type":"ReadAction","target":["https:\/\/psychologue-larochelle-rochefort.fr\/?page_id=870"]}]},{"@type":"BreadcrumbList","@id":"https:\/\/psychologue-larochelle-rochefort.fr\/?page_id=870#breadcrumb","itemListElement":[{"@type":"ListItem","position":1,"name":"Accueil","item":"https:\/\/psychologue-larochelle-rochefort.fr\/"},{"@type":"ListItem","position":2,"name":"PSYCHOLOGUE A DOMICILE ou en STRUCTURES: Consultations \/ Observations \/ Groupes"}]},{"@type":"WebSite","@id":"https:\/\/psychologue-larochelle-rochefort.fr\/#website","url":"https:\/\/psychologue-larochelle-rochefort.fr\/","name":"","description":"Cabinet de Psychologie","potentialAction":[{"@type":"SearchAction","target":{"@type":"EntryPoint","urlTemplate":"https:\/\/psychologue-larochelle-rochefort.fr\/?s={search_term_string}"},"query-input":"required name=search_term_string"}],"inLanguage":"fr-FR"}]}},"_links":{"self":[{"href":"http:\/\/psychologue-larochelle-rochefort.fr\/index.php?rest_route=\/wp\/v2\/pages\/870","targetHints":{"allow":["GET"]}}],"collection":[{"href":"http:\/\/psychologue-larochelle-rochefort.fr\/index.php?rest_route=\/wp\/v2\/pages"}],"about":[{"href":"http:\/\/psychologue-larochelle-rochefort.fr\/index.php?rest_route=\/wp\/v2\/types\/page"}],"author":[{"embeddable":true,"href":"http:\/\/psychologue-larochelle-rochefort.fr\/index.php?rest_route=\/wp\/v2\/users\/1"}],"replies":[{"embeddable":true,"href":"http:\/\/psychologue-larochelle-rochefort.fr\/index.php?rest_route=%2Fwp%2Fv2%2Fcomments&post=870"}],"version-history":[{"count":19,"href":"http:\/\/psychologue-larochelle-rochefort.fr\/index.php?rest_route=\/wp\/v2\/pages\/870\/revisions"}],"predecessor-version":[{"id":1285,"href":"http:\/\/psychologue-larochelle-rochefort.fr\/index.php?rest_route=\/wp\/v2\/pages\/870\/revisions\/1285"}],"wp:attachment":[{"href":"http:\/\/psychologue-larochelle-rochefort.fr\/index.php?rest_route=%2Fwp%2Fv2%2Fmedia&parent=870"}],"curies":[{"name":"wp","href":"https:\/\/api.w.org\/{rel}","templated":true}]}}