{"id":88,"date":"2016-08-25T16:40:44","date_gmt":"2016-08-25T15:40:44","guid":{"rendered":"http:\/\/psychologue-larochelle-rochefort.fr\/?page_id=88"},"modified":"2020-05-18T03:05:41","modified_gmt":"2020-05-18T02:05:41","slug":"quest-quun-psychologue","status":"publish","type":"page","link":"http:\/\/psychologue-larochelle-rochefort.fr\/?page_id=88","title":{"rendered":"Qu&rsquo;est ce qu&rsquo;un Psychologue ?"},"content":{"rendered":"<p>Le m\u00e9tier de Psychologue est souvent confondu ou peu diff\u00e9renci\u00e9 de celui de Psychiatre, Psychanalyste, Th\u00e9rapeute&#8230;<\/p>\n<p>&nbsp;<\/p>\n<p>Un <strong>psychiatre<\/strong> est un m\u00e9decin sp\u00e9cialis\u00e9 en psychiatrie qui diagnostique, traite et tente de pr\u00e9venir les maladies mentales, les troubles psychiques et les d\u00e9sordres \u00e9motionnels. Il peut parfois accompagner ses patients dans le cadre d&rsquo;une psychoth\u00e9rapie. Il peut prescrire un traitement&nbsp;adapt\u00e9 au patient, il est rembours\u00e9 par la s\u00e9curit\u00e9 sociale<\/p>\n<p>Le <strong>psychologue<\/strong>, a suivi 5 ann\u00e9es de Psychologie \u00e0 l&rsquo;Universit\u00e9 (DESS ou Master 2 en Psychologie). Il Exerce&nbsp;en institution ou \u00e0 son compte, le psychologue est un professionnel qui \u00e9coute, accompagne et aide les personnes qui pr\u00e9sentent des troubles moraux ou psychiques, ponctuels ou chroniques. En fonction de sa sp\u00e9cialisation, le psychologue s&rsquo;adresse \u00e0 des publics diff\u00e9rents : enfants, adolescents, adultes, salari\u00e9s, couples&#8230;<\/p>\n<p>Ces 2 professionnels pour exercer doivent faire valider leurs&nbsp;dipl\u00f4mes aupr\u00e8s de l&rsquo;ARS pour obtenir un num\u00e9ro ADELI.<\/p>\n<p>Le <strong>psychoth\u00e9rapeute<\/strong> :<\/p>\n<p>Depuis le 22\/05\/10, le d\u00e9cret d\u2019application de la loi sur l\u2019utilisation du titre de psychoth\u00e9rapeute est publi\u00e9 au <a href=\"http:\/\/www.journal-officiel.gouv.fr\/frameset.html\" target=\"_blank\" rel=\"noopener noreferrer\">Journal Officiel<\/a>; \u00e0 l\u2019alin\u00e9a 24.&nbsp;Il d\u00e9finit tr\u00e8s clairement les conditions d\u2019application de la loi et les conditions d\u2019accession \u00e0 ce titre.<\/p>\n<p><strong>Seuls les psychiatres et les psychologues cliniciens sont d\u00e9tenteurs de plein droit du titre de psychoth\u00e9rapeute<\/strong>, tous les autres doivent attester d\u2019une formation telle que d\u00e9finie dans le d\u00e9cret.<\/p>\n<p>&nbsp;<\/p>\n<p><strong>Le psycho-praticien<\/strong> a suivi une psychoth\u00e9rapie personnelle \u00e0 la suite de laquelle il s\u2019est form\u00e9, dans un institut&nbsp;priv\u00e9.<\/p>\n<p><strong>Le psychanalyste<\/strong> doit son titre \u00e0 une psychanalyse personnelle suivie d\u2019une seconde psychanalyse didactique qui le rend apte \u00e0 g\u00e9rer le transfert&nbsp;et son contre-transfert.<\/p>\n<p>&nbsp;<\/p>\n<p>&nbsp;<\/p>\n\n\n<a href=\"https:\/\/www.doctolib.fr\/psychologue\/saint-vivien\/sabrina-mamoun-gailler?utm_campaign=website-button&amp;utm_source=sabrina-mamoun-gailler-website-button&amp;utm_medium=referral&amp;utm_content=option-5&amp;utm_term=sabrina-mamoun-gailler\" style=\"display:block;text-align:center;background-color:#0596DE;color:#ffffff;font-size:14px;overflow:hidden;width:257px;height:40px;border-bottom-right-radius:none;border-bottom-left-radius:none;position:fixed;bottom:0;right:5px;z-index:1000;border-top-left-radius:4px;border-top-right-radius:4px;line-height:40px\" target=\"_blank\" data-reactroot=\"\" rel=\"noopener noreferrer\"><span style=\"font-size:13px\">Prendre rendez-vous en ligne<\/span><img decoding=\"async\" style=\"height:15px;margin-bottom:3px;vertical-align:middle;width:auto\" src=\"https:\/\/pro.doctolib.fr\/external_button\/doctolib-white-transparent.png\" alt=\"Doctolib\"\/><\/a>\n","protected":false},"excerpt":{"rendered":"<p>Le m\u00e9tier de Psychologue est souvent confondu ou peu diff\u00e9renci\u00e9 de celui de Psychiatre, Psychanalyste, Th\u00e9rapeute&#8230; &nbsp; Un psychiatre est un m\u00e9decin sp\u00e9cialis\u00e9 en psychiatrie qui diagnostique, traite et tente de pr\u00e9venir les maladies mentales, les troubles psychiques et les d\u00e9sordres \u00e9motionnels. Il peut parfois accompagner ses patients dans le cadre d&rsquo;une psychoth\u00e9rapie. Il peut &hellip; <\/p>\n<p><a class=\"more-link btn\" href=\"http:\/\/psychologue-larochelle-rochefort.fr\/?page_id=88\">Lire la suite<\/a><\/p>\n","protected":false},"author":1,"featured_media":0,"parent":82,"menu_order":0,"comment_status":"closed","ping_status":"closed","template":"template-twocolumnsright.php","meta":{"footnotes":""},"class_list":["post-88","page","type-page","status-publish","hentry","nodate","item-wrap"],"yoast_head":"<!-- This site is optimized with the Yoast SEO plugin v20.1 - https:\/\/yoast.com\/wordpress\/plugins\/seo\/ -->\n<title>Qu&#039;est ce qu&#039;un Psychologue ? -<\/title>\n<meta name=\"robots\" content=\"index, follow, max-snippet:-1, max-image-preview:large, max-video-preview:-1\" \/>\n<link rel=\"canonical\" href=\"https:\/\/psychologue-larochelle-rochefort.fr\/?page_id=88\" \/>\n<meta property=\"og:locale\" content=\"fr_FR\" \/>\n<meta property=\"og:type\" content=\"article\" \/>\n<meta property=\"og:title\" content=\"Qu&#039;est ce qu&#039;un Psychologue ? -\" \/>\n<meta property=\"og:description\" content=\"Le m\u00e9tier de Psychologue est souvent confondu ou peu diff\u00e9renci\u00e9 de celui de Psychiatre, Psychanalyste, Th\u00e9rapeute&#8230; &nbsp; Un psychiatre est un m\u00e9decin sp\u00e9cialis\u00e9 en psychiatrie qui diagnostique, traite et tente de pr\u00e9venir les maladies mentales, les troubles psychiques et les d\u00e9sordres \u00e9motionnels. Il peut parfois accompagner ses patients dans le cadre d&rsquo;une psychoth\u00e9rapie. Il peut &hellip; Lire la suite\" \/>\n<meta property=\"og:url\" content=\"https:\/\/psychologue-larochelle-rochefort.fr\/?page_id=88\" \/>\n<meta property=\"article:modified_time\" content=\"2020-05-18T02:05:41+00:00\" \/>\n<meta property=\"og:image\" content=\"https:\/\/pro.doctolib.fr\/external_button\/doctolib-white-transparent.png\" \/>\n<meta name=\"twitter:label1\" content=\"Dur\u00e9e de lecture estim\u00e9e\" \/>\n\t<meta name=\"twitter:data1\" content=\"2 minutes\" \/>\n<script type=\"application\/ld+json\" class=\"yoast-schema-graph\">{\"@context\":\"https:\/\/schema.org\",\"@graph\":[{\"@type\":\"WebPage\",\"@id\":\"https:\/\/psychologue-larochelle-rochefort.fr\/?page_id=88\",\"url\":\"https:\/\/psychologue-larochelle-rochefort.fr\/?page_id=88\",\"name\":\"Qu'est ce qu'un Psychologue ? -\",\"isPartOf\":{\"@id\":\"https:\/\/psychologue-larochelle-rochefort.fr\/#website\"},\"datePublished\":\"2016-08-25T15:40:44+00:00\",\"dateModified\":\"2020-05-18T02:05:41+00:00\",\"breadcrumb\":{\"@id\":\"https:\/\/psychologue-larochelle-rochefort.fr\/?page_id=88#breadcrumb\"},\"inLanguage\":\"fr-FR\",\"potentialAction\":[{\"@type\":\"ReadAction\",\"target\":[\"https:\/\/psychologue-larochelle-rochefort.fr\/?page_id=88\"]}]},{\"@type\":\"BreadcrumbList\",\"@id\":\"https:\/\/psychologue-larochelle-rochefort.fr\/?page_id=88#breadcrumb\",\"itemListElement\":[{\"@type\":\"ListItem\",\"position\":1,\"name\":\"Accueil\",\"item\":\"https:\/\/psychologue-larochelle-rochefort.fr\/\"},{\"@type\":\"ListItem\",\"position\":2,\"name\":\"Etre Psychologue\",\"item\":\"http:\/\/psychologue-larochelle-rochefort.fr\/?page_id=82\"},{\"@type\":\"ListItem\",\"position\":3,\"name\":\"Qu&rsquo;est ce qu&rsquo;un Psychologue ?\"}]},{\"@type\":\"WebSite\",\"@id\":\"https:\/\/psychologue-larochelle-rochefort.fr\/#website\",\"url\":\"https:\/\/psychologue-larochelle-rochefort.fr\/\",\"name\":\"\",\"description\":\"Cabinet de Psychologie\",\"potentialAction\":[{\"@type\":\"SearchAction\",\"target\":{\"@type\":\"EntryPoint\",\"urlTemplate\":\"https:\/\/psychologue-larochelle-rochefort.fr\/?s={search_term_string}\"},\"query-input\":\"required name=search_term_string\"}],\"inLanguage\":\"fr-FR\"}]}<\/script>\n<!-- \/ Yoast SEO plugin. -->","yoast_head_json":{"title":"Qu'est ce qu'un Psychologue ? -","robots":{"index":"index","follow":"follow","max-snippet":"max-snippet:-1","max-image-preview":"max-image-preview:large","max-video-preview":"max-video-preview:-1"},"canonical":"https:\/\/psychologue-larochelle-rochefort.fr\/?page_id=88","og_locale":"fr_FR","og_type":"article","og_title":"Qu'est ce qu'un Psychologue ? -","og_description":"Le m\u00e9tier de Psychologue est souvent confondu ou peu diff\u00e9renci\u00e9 de celui de Psychiatre, Psychanalyste, Th\u00e9rapeute&#8230; &nbsp; Un psychiatre est un m\u00e9decin sp\u00e9cialis\u00e9 en psychiatrie qui diagnostique, traite et tente de pr\u00e9venir les maladies mentales, les troubles psychiques et les d\u00e9sordres \u00e9motionnels. Il peut parfois accompagner ses patients dans le cadre d&rsquo;une psychoth\u00e9rapie. Il peut &hellip; Lire la suite","og_url":"https:\/\/psychologue-larochelle-rochefort.fr\/?page_id=88","article_modified_time":"2020-05-18T02:05:41+00:00","og_image":[{"url":"https:\/\/pro.doctolib.fr\/external_button\/doctolib-white-transparent.png"}],"twitter_misc":{"Dur\u00e9e de lecture estim\u00e9e":"2 minutes"},"schema":{"@context":"https:\/\/schema.org","@graph":[{"@type":"WebPage","@id":"https:\/\/psychologue-larochelle-rochefort.fr\/?page_id=88","url":"https:\/\/psychologue-larochelle-rochefort.fr\/?page_id=88","name":"Qu'est ce qu'un Psychologue ? -","isPartOf":{"@id":"https:\/\/psychologue-larochelle-rochefort.fr\/#website"},"datePublished":"2016-08-25T15:40:44+00:00","dateModified":"2020-05-18T02:05:41+00:00","breadcrumb":{"@id":"https:\/\/psychologue-larochelle-rochefort.fr\/?page_id=88#breadcrumb"},"inLanguage":"fr-FR","potentialAction":[{"@type":"ReadAction","target":["https:\/\/psychologue-larochelle-rochefort.fr\/?page_id=88"]}]},{"@type":"BreadcrumbList","@id":"https:\/\/psychologue-larochelle-rochefort.fr\/?page_id=88#breadcrumb","itemListElement":[{"@type":"ListItem","position":1,"name":"Accueil","item":"https:\/\/psychologue-larochelle-rochefort.fr\/"},{"@type":"ListItem","position":2,"name":"Etre Psychologue","item":"http:\/\/psychologue-larochelle-rochefort.fr\/?page_id=82"},{"@type":"ListItem","position":3,"name":"Qu&rsquo;est ce qu&rsquo;un Psychologue ?"}]},{"@type":"WebSite","@id":"https:\/\/psychologue-larochelle-rochefort.fr\/#website","url":"https:\/\/psychologue-larochelle-rochefort.fr\/","name":"","description":"Cabinet de Psychologie","potentialAction":[{"@type":"SearchAction","target":{"@type":"EntryPoint","urlTemplate":"https:\/\/psychologue-larochelle-rochefort.fr\/?s={search_term_string}"},"query-input":"required name=search_term_string"}],"inLanguage":"fr-FR"}]}},"_links":{"self":[{"href":"http:\/\/psychologue-larochelle-rochefort.fr\/index.php?rest_route=\/wp\/v2\/pages\/88","targetHints":{"allow":["GET"]}}],"collection":[{"href":"http:\/\/psychologue-larochelle-rochefort.fr\/index.php?rest_route=\/wp\/v2\/pages"}],"about":[{"href":"http:\/\/psychologue-larochelle-rochefort.fr\/index.php?rest_route=\/wp\/v2\/types\/page"}],"author":[{"embeddable":true,"href":"http:\/\/psychologue-larochelle-rochefort.fr\/index.php?rest_route=\/wp\/v2\/users\/1"}],"replies":[{"embeddable":true,"href":"http:\/\/psychologue-larochelle-rochefort.fr\/index.php?rest_route=%2Fwp%2Fv2%2Fcomments&post=88"}],"version-history":[{"count":7,"href":"http:\/\/psychologue-larochelle-rochefort.fr\/index.php?rest_route=\/wp\/v2\/pages\/88\/revisions"}],"predecessor-version":[{"id":1222,"href":"http:\/\/psychologue-larochelle-rochefort.fr\/index.php?rest_route=\/wp\/v2\/pages\/88\/revisions\/1222"}],"up":[{"embeddable":true,"href":"http:\/\/psychologue-larochelle-rochefort.fr\/index.php?rest_route=\/wp\/v2\/pages\/82"}],"wp:attachment":[{"href":"http:\/\/psychologue-larochelle-rochefort.fr\/index.php?rest_route=%2Fwp%2Fv2%2Fmedia&parent=88"}],"curies":[{"name":"wp","href":"https:\/\/api.w.org\/{rel}","templated":true}]}}