{"id":496,"date":"2019-12-29T19:33:59","date_gmt":"2019-12-29T18:33:59","guid":{"rendered":"http:\/\/psychologue-larochelle-rochefort.fr\/?page_id=496"},"modified":"2026-02-14T11:29:01","modified_gmt":"2026-02-14T10:29:01","slug":"consultations-parentales-individuelles-groupes","status":"publish","type":"page","link":"https:\/\/psychologue-larochelle-rochefort.fr\/?page_id=496","title":{"rendered":"CONSULTATIONS PARENTALES &#8211; FAMILIALES individuelles \/ en Groupe &#8211; au cabinet \/ en ligne"},"content":{"rendered":"\n<p><\/p>\n\n\n<h3><a href=\"http:\/\/psychologue-larochelle-rochefort.fr\/wp-content\/uploads\/2020\/01\/consultations-Parent-pour-site-2.png\"><img loading=\"lazy\" decoding=\"async\" class=\"wp-image-710 alignleft\" src=\"http:\/\/psychologue-larochelle-rochefort.fr\/wp-content\/uploads\/2020\/01\/consultations-Parent-pour-site-2.png\" alt=\"\" width=\"151\" height=\"135\" srcset=\"https:\/\/psychologue-larochelle-rochefort.fr\/wp-content\/uploads\/2020\/01\/consultations-Parent-pour-site-2.png 376w, https:\/\/psychologue-larochelle-rochefort.fr\/wp-content\/uploads\/2020\/01\/consultations-Parent-pour-site-2-300x270.png 300w\" sizes=\"auto, (max-width: 151px) 100vw, 151px\" \/><\/a> <span style=\"color: #14693e;\">Form\u00e9e en Communication Positive, Gestion des \u00e9motions, et \u00e0 d&rsquo;autres techniques \/ outils pour faciliter les relations parents \/ enfants ou parents \/ adolescents,<\/span><\/h3>\n<h3><span style=\"color: #ff0000;\"><br \/>\u00a0<\/span>Je vous propose des <span style=\"color: #14693e;\"><strong>CONSULTATIONS PARENTALES<\/strong><\/span> :<\/h3>\n<h4><span style=\"color: #000000;\">&#8211; PREMIERE CONSULTATION PARENTALE <span style=\"text-decoration: underline;\">sans<\/span> votre enfant \/ adolescent(e) \u00e0 ce premier RDV pour questionnement ou GUIDANCE PARENTALE \u00a0<\/span><\/h4>\n<h4><span style=\"color: #000000;\">&#8211; puis CONSULTATIONS \u00a0ou DISPOSITIF MON SOUTIEN PSY selon les besoins : <br \/><\/span>\u00a0 \u00a0 \u00a0 1. avec l&rsquo;ENFANT ou l&rsquo;ADOLESCENT ( voir <a href=\"http:\/\/psychologue-larochelle-rochefort.fr\/?page_id=23\" target=\"_blank\" rel=\"noopener noreferrer\">CONSULTATIONS PETITE ENFANCE \/ ENFANCE \/ ADOLESCENCE ou SEANCES MON SOUTIEN PSY)<\/a><br \/>\u00a0 \u00a0 \u00a02. avec le ou les PARENT(S) SEUL (S) \/ PEHP de Barkley\u00a0<br \/>\u00a0 \u00a0 \u00a03. avec un PARENT et l&rsquo; ENFANT ou l&rsquo;ADOLESCENT(E)<br \/>\u00a0 \u00a0 \u00a04. avec la FRATRIE\u00a0<br \/>\u00a0 \u00a0 \u00a05. en FAMILLE\u00a0<\/h4>\n<h4>Je propose \u00e9galement par p\u00e9riodes des <a href=\"http:\/\/psychologue-larochelle-rochefort.fr\/?page_id=121\">GROUPES de PAROLE<\/a> pour mieux communiquer et des FORMATIONS INDIVIDUELLES ou EN GROUPE de 4 \u00e0 8 personnes.<br \/>AU CABINET \/ EN ASSOCIATIONS ou STRUCTURES \/ EN LIGNE\u00a0<br \/>Exemple de th\u00e9matiques <a href=\"http:\/\/psychologue-larochelle-rochefort.fr\/?page_id=121\">:\u00a0<\/a><br \/>\u00a0 \u00a0 \u00a0 \u00a0 \u00a0 \u00a0\u00a0 <a href=\"http:\/\/psychologue-larochelle-rochefort.fr\/?page_id=121\">Communication Positive &amp; Gestion des \u00e9motions <\/a><br \/>\u00a0 \u00a0 \u00a0 \u00a0 \u00a0 \u00a0\u00a0 <a href=\"http:\/\/psychologue-larochelle-rochefort.fr\/?page_id=121\">G\u00e9rer les conflits entre fr\u00e8res et s\u0153urs,<\/a><br \/>\u00a0 \u00a0 \u00a0 \u00a0 \u00a0 \u00a0\u00a0 <a href=\"http:\/\/psychologue-larochelle-rochefort.fr\/?page_id=121\">Mieux communiquer avec son enfant, son adolescent \u2026<\/a><\/h4>\n<h5>&#8212;&#8212;&#8212;&#8212;&#8212;&#8212;&#8212;&#8212;&#8212;&#8212;&#8212;&#8212;<\/h5>\n<h4><span style=\"color: #333333;\">Il est possible de prendre RDV <span style=\"text-decoration: underline;\">\u00a0en VISIO\u00a0<\/span><\/span><span style=\"color: #333333;\"><br \/>Merci de me laisser un message ou SMS au 06 26 68 61 78\u00a0<\/span><\/h4>\n<h4><a href=\"https:\/\/www.doctolib.fr\/psychologue\/saint-vivien\/sabrina-mamoun-gailler\" target=\"_blank\" rel=\"noopener noreferrer\">Vous pouvez prendre rendez-vous,\u00a0sur <span style=\"text-decoration: underline;\">mon agenda en ligne doctolib<\/span> en s\u00e9lectionnant le bon <\/a><a href=\"https:\/\/www.doctolib.fr\/psychologue\/saint-vivien\/sabrina-mamoun-gailler\" target=\"_blank\" rel=\"noopener noreferrer\">motif. \u00a0et n&rsquo;oubliez pas de m&rsquo;envoyer un message sur doctolib.\u00a0<\/a><\/h4>\n\n\n<a href=\"https:\/\/www.doctolib.fr\/psychologue\/saint-vivien\/sabrina-mamoun-gailler?utm_campaign=website-button&amp;utm_source=sabrina-mamoun-gailler-website-button&amp;utm_medium=referral&amp;utm_content=option-5&amp;utm_term=sabrina-mamoun-gailler\" style=\"display:block;text-align:center;background-color:#0596DE;color:#ffffff;font-size:14px;overflow:hidden;width:257px;height:40px;border-bottom-right-radius:none;border-bottom-left-radius:none;position:fixed;bottom:0;right:5px;z-index:1000;border-top-left-radius:4px;border-top-right-radius:4px;line-height:40px\" target=\"_blank\" data-reactroot=\"\" rel=\"noopener noreferrer\"><span style=\"font-size:13px\">Prendre rendez-vous en ligne<\/span><img decoding=\"async\" style=\"height:15px;margin-bottom:3px;vertical-align:middle;width:auto\" src=\"https:\/\/pro.doctolib.fr\/external_button\/doctolib-white-transparent.png\" alt=\"Doctolib\"><\/a>\n\n\n\n<p><\/p>\n\n\n\n<p><\/p>\n","protected":false},"excerpt":{"rendered":"<p>Form\u00e9e en Communication Positive, Gestion des \u00e9motions, et \u00e0 d&rsquo;autres techniques \/ outils pour faciliter les relations parents \/ enfants ou parents \/ adolescents, \u00a0Je vous propose des CONSULTATIONS PARENTALES : &#8211; PREMIERE CONSULTATION PARENTALE sans votre enfant \/ adolescent(e) \u00e0 ce premier RDV pour questionnement ou GUIDANCE PARENTALE \u00a0 &#8211; puis CONSULTATIONS \u00a0ou DISPOSITIF &hellip; <\/p>\n<p><a class=\"more-link btn\" href=\"https:\/\/psychologue-larochelle-rochefort.fr\/?page_id=496\">Lire la suite<\/a><\/p>\n","protected":false},"author":1,"featured_media":0,"parent":682,"menu_order":3,"comment_status":"closed","ping_status":"closed","template":"template-twocolumnsright.php","meta":{"footnotes":""},"class_list":["post-496","page","type-page","status-publish","hentry","nodate","item-wrap"],"yoast_head":"<!-- This site is optimized with the Yoast SEO plugin v20.1 - https:\/\/yoast.com\/wordpress\/plugins\/seo\/ -->\n<title>CONSULTATIONS PARENTALES - FAMILIALES individuelles \/ en Groupe - au cabinet \/ en ligne -<\/title>\n<meta name=\"robots\" content=\"index, follow, max-snippet:-1, max-image-preview:large, max-video-preview:-1\" \/>\n<link rel=\"canonical\" href=\"https:\/\/psychologue-larochelle-rochefort.fr\/?page_id=496\" \/>\n<meta property=\"og:locale\" content=\"fr_FR\" \/>\n<meta property=\"og:type\" content=\"article\" \/>\n<meta property=\"og:title\" content=\"CONSULTATIONS PARENTALES - FAMILIALES individuelles \/ en Groupe - au cabinet \/ en ligne -\" \/>\n<meta property=\"og:description\" content=\"Form\u00e9e en Communication Positive, Gestion des \u00e9motions, et \u00e0 d&rsquo;autres techniques \/ outils pour faciliter les relations parents \/ enfants ou parents \/ adolescents, \u00a0Je vous propose des CONSULTATIONS PARENTALES : &#8211; PREMIERE CONSULTATION PARENTALE sans votre enfant \/ adolescent(e) \u00e0 ce premier RDV pour questionnement ou GUIDANCE PARENTALE \u00a0 &#8211; puis CONSULTATIONS \u00a0ou DISPOSITIF &hellip; Lire la suite\" \/>\n<meta property=\"og:url\" content=\"https:\/\/psychologue-larochelle-rochefort.fr\/?page_id=496\" \/>\n<meta property=\"article:modified_time\" content=\"2026-02-14T10:29:01+00:00\" \/>\n<meta property=\"og:image\" content=\"http:\/\/psychologue-larochelle-rochefort.fr\/wp-content\/uploads\/2020\/01\/consultations-Parent-pour-site-2.png\" \/>\n<meta name=\"twitter:label1\" content=\"Dur\u00e9e de lecture estim\u00e9e\" \/>\n\t<meta name=\"twitter:data1\" content=\"2 minutes\" \/>\n<script type=\"application\/ld+json\" class=\"yoast-schema-graph\">{\"@context\":\"https:\/\/schema.org\",\"@graph\":[{\"@type\":\"WebPage\",\"@id\":\"https:\/\/psychologue-larochelle-rochefort.fr\/?page_id=496\",\"url\":\"https:\/\/psychologue-larochelle-rochefort.fr\/?page_id=496\",\"name\":\"CONSULTATIONS PARENTALES - FAMILIALES individuelles \/ en Groupe - au cabinet \/ en ligne -\",\"isPartOf\":{\"@id\":\"https:\/\/psychologue-larochelle-rochefort.fr\/#website\"},\"datePublished\":\"2019-12-29T18:33:59+00:00\",\"dateModified\":\"2026-02-14T10:29:01+00:00\",\"breadcrumb\":{\"@id\":\"https:\/\/psychologue-larochelle-rochefort.fr\/?page_id=496#breadcrumb\"},\"inLanguage\":\"fr-FR\",\"potentialAction\":[{\"@type\":\"ReadAction\",\"target\":[\"https:\/\/psychologue-larochelle-rochefort.fr\/?page_id=496\"]}]},{\"@type\":\"BreadcrumbList\",\"@id\":\"https:\/\/psychologue-larochelle-rochefort.fr\/?page_id=496#breadcrumb\",\"itemListElement\":[{\"@type\":\"ListItem\",\"position\":1,\"name\":\"Accueil\",\"item\":\"https:\/\/psychologue-larochelle-rochefort.fr\/\"},{\"@type\":\"ListItem\",\"position\":2,\"name\":\"CONSULTATIONS\",\"item\":\"https:\/\/psychologue-larochelle-rochefort.fr\/?page_id=682\"},{\"@type\":\"ListItem\",\"position\":3,\"name\":\"CONSULTATIONS PARENTALES &#8211; FAMILIALES individuelles \/ en Groupe &#8211; au cabinet \/ en ligne\"}]},{\"@type\":\"WebSite\",\"@id\":\"https:\/\/psychologue-larochelle-rochefort.fr\/#website\",\"url\":\"https:\/\/psychologue-larochelle-rochefort.fr\/\",\"name\":\"\",\"description\":\"Cabinet de Psychologie\",\"potentialAction\":[{\"@type\":\"SearchAction\",\"target\":{\"@type\":\"EntryPoint\",\"urlTemplate\":\"https:\/\/psychologue-larochelle-rochefort.fr\/?s={search_term_string}\"},\"query-input\":\"required name=search_term_string\"}],\"inLanguage\":\"fr-FR\"}]}<\/script>\n<!-- \/ Yoast SEO plugin. -->","yoast_head_json":{"title":"CONSULTATIONS PARENTALES - FAMILIALES individuelles \/ en Groupe - au cabinet \/ en ligne -","robots":{"index":"index","follow":"follow","max-snippet":"max-snippet:-1","max-image-preview":"max-image-preview:large","max-video-preview":"max-video-preview:-1"},"canonical":"https:\/\/psychologue-larochelle-rochefort.fr\/?page_id=496","og_locale":"fr_FR","og_type":"article","og_title":"CONSULTATIONS PARENTALES - FAMILIALES individuelles \/ en Groupe - au cabinet \/ en ligne -","og_description":"Form\u00e9e en Communication Positive, Gestion des \u00e9motions, et \u00e0 d&rsquo;autres techniques \/ outils pour faciliter les relations parents \/ enfants ou parents \/ adolescents, \u00a0Je vous propose des CONSULTATIONS PARENTALES : &#8211; PREMIERE CONSULTATION PARENTALE sans votre enfant \/ adolescent(e) \u00e0 ce premier RDV pour questionnement ou GUIDANCE PARENTALE \u00a0 &#8211; puis CONSULTATIONS \u00a0ou DISPOSITIF &hellip; Lire la suite","og_url":"https:\/\/psychologue-larochelle-rochefort.fr\/?page_id=496","article_modified_time":"2026-02-14T10:29:01+00:00","og_image":[{"url":"http:\/\/psychologue-larochelle-rochefort.fr\/wp-content\/uploads\/2020\/01\/consultations-Parent-pour-site-2.png"}],"twitter_misc":{"Dur\u00e9e de lecture estim\u00e9e":"2 minutes"},"schema":{"@context":"https:\/\/schema.org","@graph":[{"@type":"WebPage","@id":"https:\/\/psychologue-larochelle-rochefort.fr\/?page_id=496","url":"https:\/\/psychologue-larochelle-rochefort.fr\/?page_id=496","name":"CONSULTATIONS PARENTALES - FAMILIALES individuelles \/ en Groupe - au cabinet \/ en ligne -","isPartOf":{"@id":"https:\/\/psychologue-larochelle-rochefort.fr\/#website"},"datePublished":"2019-12-29T18:33:59+00:00","dateModified":"2026-02-14T10:29:01+00:00","breadcrumb":{"@id":"https:\/\/psychologue-larochelle-rochefort.fr\/?page_id=496#breadcrumb"},"inLanguage":"fr-FR","potentialAction":[{"@type":"ReadAction","target":["https:\/\/psychologue-larochelle-rochefort.fr\/?page_id=496"]}]},{"@type":"BreadcrumbList","@id":"https:\/\/psychologue-larochelle-rochefort.fr\/?page_id=496#breadcrumb","itemListElement":[{"@type":"ListItem","position":1,"name":"Accueil","item":"https:\/\/psychologue-larochelle-rochefort.fr\/"},{"@type":"ListItem","position":2,"name":"CONSULTATIONS","item":"https:\/\/psychologue-larochelle-rochefort.fr\/?page_id=682"},{"@type":"ListItem","position":3,"name":"CONSULTATIONS PARENTALES &#8211; FAMILIALES individuelles \/ en Groupe &#8211; au cabinet \/ en ligne"}]},{"@type":"WebSite","@id":"https:\/\/psychologue-larochelle-rochefort.fr\/#website","url":"https:\/\/psychologue-larochelle-rochefort.fr\/","name":"","description":"Cabinet de Psychologie","potentialAction":[{"@type":"SearchAction","target":{"@type":"EntryPoint","urlTemplate":"https:\/\/psychologue-larochelle-rochefort.fr\/?s={search_term_string}"},"query-input":"required name=search_term_string"}],"inLanguage":"fr-FR"}]}},"_links":{"self":[{"href":"https:\/\/psychologue-larochelle-rochefort.fr\/index.php?rest_route=\/wp\/v2\/pages\/496","targetHints":{"allow":["GET"]}}],"collection":[{"href":"https:\/\/psychologue-larochelle-rochefort.fr\/index.php?rest_route=\/wp\/v2\/pages"}],"about":[{"href":"https:\/\/psychologue-larochelle-rochefort.fr\/index.php?rest_route=\/wp\/v2\/types\/page"}],"author":[{"embeddable":true,"href":"https:\/\/psychologue-larochelle-rochefort.fr\/index.php?rest_route=\/wp\/v2\/users\/1"}],"replies":[{"embeddable":true,"href":"https:\/\/psychologue-larochelle-rochefort.fr\/index.php?rest_route=%2Fwp%2Fv2%2Fcomments&post=496"}],"version-history":[{"count":42,"href":"https:\/\/psychologue-larochelle-rochefort.fr\/index.php?rest_route=\/wp\/v2\/pages\/496\/revisions"}],"predecessor-version":[{"id":2009,"href":"https:\/\/psychologue-larochelle-rochefort.fr\/index.php?rest_route=\/wp\/v2\/pages\/496\/revisions\/2009"}],"up":[{"embeddable":true,"href":"https:\/\/psychologue-larochelle-rochefort.fr\/index.php?rest_route=\/wp\/v2\/pages\/682"}],"wp:attachment":[{"href":"https:\/\/psychologue-larochelle-rochefort.fr\/index.php?rest_route=%2Fwp%2Fv2%2Fmedia&parent=496"}],"curies":[{"name":"wp","href":"https:\/\/api.w.org\/{rel}","templated":true}]}}